et n = 347 - c. What is the greatest common divisor of 42 and n?
42
Let f(n) = 69*n**2 - 25*n - 46. Let s be f(-3). Calculate the highest common factor of 442 and s.
26
Let b be 7/((-84)/(-405))*(8576/(-4))/(-8). Calculate the highest common factor of b and 15.
15
Let x = 10 - -19. Let w = 354 + x. Suppose -w = -8*a - 63. Calculate the highest common factor of 4 and a.
4
Let x(n) = 148*n - 396. Let m be x(4). Calculate the greatest common factor of 1232 and m.
28
Suppose -27*v = -5*v - 88. Let j be (-3)/v - 5406/(-136). What is the highest common factor of j and 156?
39
Suppose 0 = 2*g - 3 - 1. Suppose -2*c + 7*c = -g*r + 28, -16 = -2*r + c. Let q = -8310 + 8313. Calculate the greatest common factor of q and r.
3
Let z = -69331 - -69345. Suppose -4*g + 1289 = d, 2*d + 390 - 70 = g. Calculate the highest common divisor of z and g.
14
Let j = -87 + 107. Let d be (25/j - 2)*-12. Let t = d + 12. What is the greatest common factor of 105 and t?
21
Let l = -1949 - -4544. What is the greatest common factor of 60 and l?
15
Suppose -5*g = -2*v - 848, 3*g = -2*v + 5*v + 516. Suppose 3*n = -13*c + 12*c + 136, 16 = n + 4*c. What is the highest common divisor of g and n?
24
Suppose -2*m - m - 33 = -4*i, -4*i - 2*m + 58 = 0. Let t be ((5/25)/((-7)/35))/(1/(-9)). What is the greatest common divisor of t and i?
3
Suppose -104212 + 155234 = 302*a - 137728. What is the greatest common factor of a and 25?
25
Suppose 5*b + 18061 = 3*s, -3*s - 19*b + 22*b + 18057 = 0. Calculate the greatest common divisor of s and 11.
11
Suppose 0*u - 5*u = -150. Suppose 4*n + 2 = u. Let i be 80/6 - (-6)/9. What is the greatest common factor of n and i?
7
Suppose y - k + 3*k - 20 = 0, 3*y = -4*k + 58. Suppose y = -4*s + 158. Let o(h) = -11*h + 2. Let c be o(-3). What is the highest common factor of s and c?
35
Let h = 10 - 6. Let c be (2 - (2 + 3)) + h. Suppose 59*d = 20 + 98. Calculate the greatest common divisor of d and c.
1
Let h(o) = -108*o - 4946. Let f be h(-47). Let c be 1043/35 - 1/(-5). What is the highest common divisor of c and f?
10
Suppose -t + q = -972, 53*t - 58*t + 4861 = -4*q. Calculate the highest common factor of 14 and t.
7
Let g be 64368/648 - ((-1)/(-3))/1. Calculate the highest common divisor of 44 and g.
11
Let o = 1121 - 344. Calculate the greatest common divisor of 168 and o.
21
Let m be ((-20)/6)/((-78)/11583). Calculate the highest common factor of 27 and m.
9
Let o = 2718 - 2034. Calculate the highest common factor of 252 and o.
36
Let q be 120 + -5 + (-48)/(-8). Let x = q - 43. Let t(z) = 2*z**2 - 2*z + 2. Let v be t(-3). What is the greatest common divisor of v and x?
26
Let z(h) = -23162*h - 138842. Let m be z(-6). Let n be (4/6)/((-3)/(-117)). What is the greatest common factor of m and n?
26
Let v = -29759 - -31064. Calculate the greatest common factor of 615 and v.
15
Suppose -254*t + 273 = -241*t. What is the greatest common divisor of 777 and t?
21
Let z(s) = s**3 + 80*s**2 - 78*s + 270. Let k be z(-81). What is the greatest common divisor of 3 and k?
3
Let u be (-6)/(-16) - (-1192)/128*(3 - 1). Calculate the greatest common divisor of u and 437.
19
Let n(v) = -55*v**3 - v**2 + v. Let h(p) = p**3 + 1. Let r(u) = 2*h(u) + n(u). Let x be r(-1). Calculate the highest common factor of 212 and x.
53
Suppose -t - 186007 = -159*t + 296683. Calculate the greatest common factor of t and 188.
47
Suppose 0 = n - 3*t - 1297, -2*t = -56*n + 59*n - 3902. What is the highest common divisor of n and 104?
52
Suppose -104 - 88 = -3*g. Let p = 762 - 562. Let l = p + -192. Calculate the highest common divisor of g and l.
8
Let s = -1269 + 1271. Let a(b) = 3*b**2 - b**2 + b**3 + 3*b**2 - 2*b + 0*b**3. Let h be a(-4). Calculate the greatest common divisor of s and h.
2
Let l = 851 + -797. Suppose l = y - 0*y. Let j be ((-2)/4)/((-3)/36). What is the highest common factor of y and j?
6
Suppose 0 = -26*p + 41*p - 46860. What is the greatest common divisor of p and 176?
44
Let p be (2/1)/((-390)/(-126) + -3). Let f = p - 73. Let u be (f/(-28) + -1)/((-3)/(-14)). Calculate the greatest common divisor of 28 and u.
4
Let m(y) = -y**3 - 7*y**2 - 21*y - 5. Let c be m(-7). Suppose 6*r + 10 = c. What is the highest common factor of r and 242?
22
Let s(c) = -21 - 1 + 8 + 9*c + 7. Let r = 2 - -1. Let t be s(r). What is the highest common divisor of 10 and t?
10
Suppose 549 + 516 = 86*q - 2289. What is the greatest common divisor of 8853 and q?
39
Suppose -307*b + 9737 = -289*b - 559. What is the highest common factor of b and 88?
44
Suppose 5*a + 3*g = 7 + 221, -183 = -4*a - 3*g. Suppose 0*p = 5*p - 185. Suppose 0 = -2*h + p - 7. Calculate the greatest common factor of a and h.
15
Suppose 0 = -3*y + 4*u + 1814, 5*y + u = 9*y - 2436. Calculate the greatest common factor of 183 and y.
61
Let k be (-4 - -15)*1 + -6. Suppose -3*i = 0, -k*j - 61*i = -63*i - 200. Calculate the greatest common factor of j and 280.
40
Suppose -34*t = -35*t + 2*v + 88, -4*v - 16 = 0. Let c(x) = 3*x**3 + 3*x**2 - 3*x. Let a be c(2). Calculate the greatest common divisor of a and t.
10
Suppose 9*u = 137 + 106. Let d(p) = -9*p + 245. Let c be d(u). What is the greatest common factor of c and 22?
2
Let u(y) = -38*y**3 + 5 - 5*y + 10*y + 64*y**3. Let w be u(-2). Let t be 5 - ((5 - 3) + w). What is the greatest common divisor of 27 and t?
27
Suppose 0 = -2*l - 1058 + 1120. Suppose 0 = x - w - 15, 0 = -9*x + 10*x + 3*w - l. Calculate the highest common factor of 608 and x.
19
Let j = 98 + -90. Suppose -4*b + 132 = h, 3*b - 575 = -j*h + 3*h. What is the greatest common factor of h and 7?
7
Suppose -13*j - 11*j = -20*j - 832. What is the greatest common factor of 130 and j?
26
Let n = 28 + -8. Let h be 6/(-18) - (-15)/18*226. Suppose 7*x - h = 22. What is the greatest common divisor of x and n?
10
Suppose 4*d + 19*d + 115 = 0. Let f be ((-6)/d)/(((-38)/(-60))/19). Suppose -2*l = -3*l + 4. What is the highest common divisor of l and f?
4
Let i = -3641 + 4814. What is the highest common factor of i and 51?
51
Let s(z) = -z**3 + 160*z**2 + 160*z + 233. Let i be s(161). Suppose 36 = -b + 5*b. Calculate the greatest common divisor of i and b.
9
Let d be -8*((-3)/6 - 2). Let f be (-2)/8 + 85/d. Suppose 57*l = 13*l + 528. Calculate the highest common divisor of l and f.
4
Let a = 28229 + -26568. Calculate the highest common factor of a and 297.
11
Let p = -10997 - -13352. What is the highest common divisor of p and 15?
15
Let l = -97 - -97. Let z be 38/(-57)*30*(-1 + l). What is the highest common divisor of 5 and z?
5
Let u be (10000/20)/((-12)/(-50)*(-65)/(-39)). What is the greatest common divisor of u and 2?
2
Let i be (1 - 0 - -1) + -2. Suppose -6 = 5*n - 3*v - 17, i = -n + 3*v + 7. Let y be (n - -28) + 0/(-3). What is the greatest common divisor of y and 232?
29
Let l = 153 + -134. Let y be 4 - l/(114/(-2484)). Calculate the highest common factor of 38 and y.
38
Suppose -8*y + 69 = -2*g - 83, 2*y + 4*g = 20. What is the highest common factor of 7137 and y?
9
Suppose 4*n = -k + 72, -k + 5*n + 110 = -16. Calculate the greatest common factor of 5248 and k.
32
Suppose 8*j - 1080 = 16*j. Let a = 305 + j. Calculate the highest common divisor of a and 34.
34
Let l be (-1)/(640/644 + -1). What is the highest common factor of 299 and l?
23
Let a(m) = -7*m + 55. Let c be a(7). Suppose x = 6*x. Suppose v + v - 108 = x. What is the highest common divisor of c and v?
6
Suppose 60322 = 3*m - 5*l, 2*l = -5*m + 53894 + 46591. Calculate the greatest common factor of m and 101.
101
Let o be 4 + 1 + -3 + 4. Let v(y) = y + 4. Let m be v(o). Let s = -114 - -164. What is the highest common factor of m and s?
10
Let w = -4251 + 4367. Calculate the highest common factor of 8787 and w.
29
Let r(a) be the third derivative of -23/24*a**4 + 0 + 1/3*a**3 - 6*a**2 + 0*a. Let y be r(-2). What is the greatest common divisor of y and 6?
6
Suppose -75*r - 228985 = -783235. What is the highest common divisor of r and 10?
10
Let r = -1532 + 1587. Let i = 15 - 10. Calculate the greatest common divisor of i and r.
5
Suppose 0 = 45*x - 42*x - 2*u, -3*u = -4*x - 1. Let p = -6 - -2. Let z be x*(1 - 346/p). What is the greatest common divisor of z and 35?
35
Suppose 23 = 3*y + 14. Let d = -1 + y. Suppose 0*q + 3*h = 3*q - 111, -5*h = d*q - 46. What